+ -23. Let r = n + z. What is the greatest common divisor of r and 33?
11
Let l(g) = -6*g - 18. Let u(i) = -5*i - 18. Let q(r) = -4*l(r) + 5*u(r). Let n be q(-11). Let a = n - -12. What is the highest common factor of 45 and a?
5
Let l(x) be the first derivative of -x**4/4 + 2*x**3/3 + x - 2. Let h be l(-2). What is the greatest common divisor of h and 51?
17
Let k be 1 - (0 - (2 + 3 + 14)). What is the greatest common factor of k and 100?
20
Let l(n) = 71*n - 1. Let i be l(2). Suppose -5*k + 299 = -i. Calculate the greatest common factor of k and 8.
8
Let a(q) = -q + 17. Let j be a(6). Suppose -6 = -5*i + 14, 0 = d - 3*i + 10. Suppose d = s - j. What is the highest common divisor of s and 91?
13
Let d = 4 + -6. Let o be -14 + d/(-2)*-1. Let r be 0 + (-1 - o) + -2. What is the highest common divisor of r and 132?
12
Let c = 21 + -12. Let l be (-6)/(2/((-24)/c)). Calculate the highest common factor of l and 32.
8
Let i(j) = -j**3 - 5*j**2 + 5*j + 9. Let d be i(-6). Suppose 0 = 23*t - 25*t + 6. Calculate the highest common divisor of t and d.
3
Let q(r) = r**3 + 12*r**2 + 7*r - 9. Let m be q(-11). Let u = m - 25. What is the highest common divisor of u and 10?
10
Let a(s) = 5*s + 5. Let k be a(5). What is the greatest common divisor of 270 and k?
30
Let a = -191 - -267. Let f = a + -46. What is the highest common factor of f and 10?
10
Let j(n) = -2*n - 28. Let c be j(-32). What is the highest common factor of 48 and c?
12
Let a(f) = 2*f**2 - 5*f - 4. Let c be a(4). What is the greatest common divisor of 72 and c?
8
Let i = -29 + 54. Let q = i + -21. What is the greatest common divisor of q and 20?
4
Let b be 48/(-9) + 4/(-6). Let o = b + 19. Suppose -2*r = r - 312. Calculate the highest common factor of o and r.
13
Let p be (12*-1)/((-2)/1). Calculate the highest common factor of p and 54.
6
Suppose 4 = 3*k + k. Calculate the greatest common factor of 4 and k.
1
Suppose 243 = 10*s - s. What is the greatest common divisor of 189 and s?
27
Let g(c) = -1 + 2 + 0 - 125*c. Let f be g(-1). Suppose 3*l - l - f = 0. What is the highest common divisor of 9 and l?
9
Suppose 4*q - 38 = 3*k - 211, 2*k - 116 = 3*q. Let v be 10*1*(-2)/(-4). What is the greatest common divisor of k and v?
5
Let s be 37/(-74) + 2 + (-362)/(-4). Calculate the highest common factor of 23 and s.
23
Suppose 55 = 2*g + 3*g. Let r = -6 + 9. Suppose r*v + 55 = 4*v. Calculate the greatest common divisor of g and v.
11
Suppose -5*w + 20 = -2*m, -2*w - 2*m + 3*m = -9. Let k be 3/9 - (-26)/3. Let b = k - w. What is the highest common factor of b and 7?
7
Suppose -2*j + 103 = -259. Let y = 401 - j. What is the highest common factor of 20 and y?
20
Let s(w) = -w**3 - w**2 + w + 3. Let d be s(0). Suppose p - 6*p = -10. Suppose -p*l = d*l - 90. Calculate the highest common divisor of 27 and l.
9
Suppose 0*v = 4*v - 60. Suppose 5*u - 3*u - 7 = -3*i, 4*i = -u + 11. Suppose -f - f + 29 = 5*w, -f = i*w - 17. What is the greatest common divisor of v and w?
5
Let j be (16/4 + -15)*-1. Calculate the greatest common factor of j and 99.
11
Suppose -2*w + 98 = 5*k, k = -6*w + 2*w + 34. Let g be 4/(-30) - (-11)/(330/544). What is the highest common divisor of k and g?
18
Suppose -3*b = -t - 70, -178 = -2*t + 5*t - b. Let z = t - -118. Calculate the greatest common divisor of 24 and z.
12
Suppose -2*z - 10 = -0*z, 73 = 3*v - 2*z. Let h = 38 - 25. Let t(x) = 4*x + 11. Let r be t(h). What is the highest common divisor of r and v?
21
Suppose -5*k + 45 = 2*y, 42 = 2*y - k - 21. Let d(q) = q - 4. Let b be d(5). Suppose -5 = -h + b. Calculate the highest common divisor of h and y.
6
Let f(s) = -s + 7. Let h be f(3). Suppose 34 = -h*c + 130. Suppose -13 = -q + 3*x, -2*q + 5*x + 32 = 5. What is the highest common divisor of c and q?
8
Let a = -8 + 10. Let v = 11 - a. What is the greatest common factor of 72 and v?
9
Suppose 0 = -5*v - 15, -2*w + 5*v + 8 = -11. Suppose -2*j + 0*p = -4*p - 232, -w*j = 3*p - 267. Calculate the greatest common factor of j and 18.
18
Let s = 39 - 18. Calculate the highest common divisor of s and 84.
21
Suppose 125 = z - 8. What is the greatest common factor of 19 and z?
19
Let f = -32 - -45. What is the highest common factor of f and 65?
13
Let v be (-27)/(-6)*(-2)/(-3). Let x = -11 + 17. Let z = x + -3. What is the highest common divisor of v and z?
3
Let c(y) be the second derivative of y**4/12 + y**3/3 - 3*y**2/2 + 2*y. Let m be c(7). What is the greatest common factor of 12 and m?
12
Let z(a) = -a**3 + 5*a**2 - 2*a - 4. Let t be z(3). Let r = 7 + t. Let c be (-3)/r + (-1322)/(-10). What is the highest common factor of c and 12?
12
Let o be (40/15)/(2/12). Suppose 2*i - i + 5*w + 32 = 0, 4*i = 4*w - 56. Let t be (i/4)/((-2)/o). What is the highest common factor of 85 and t?
17
Let c(d) = -19*d - 6. Let z be c(-6). Let h be 2 + 1 - (4 + -4). Suppose 39 = h*a + 3. Calculate the greatest common divisor of a and z.
12
Let q(t) = -t + 45. Let r be q(14). What is the greatest common factor of 248 and r?
31
Suppose -q - 158 = -2*g, -q = 3*g + 3*q - 237. Let d = g - 23. What is the greatest common divisor of 140 and d?
28
Let a be (-425)/(-10) + (-1)/(-2). Let q = 71 - a. What is the highest common factor of q and 308?
28
Let p be (-21 + 5 + 0)/(-2). What is the greatest common divisor of 20 and p?
4
Suppose -2*q = q - 6. Calculate the highest common divisor of q and 16.
2
Let v be 72/(-3)*(-64)/12. What is the greatest common factor of v and 16?
16
Let z(m) = m**2 + 10*m + 12. Let k be z(-9). Let h be 58/k*3/2. Suppose 16 = 5*t - h. Calculate the highest common divisor of t and 18.
9
Suppose 0 = 4*w - 151 - 201. Calculate the highest common divisor of 22 and w.
22
Let y = 215 + -143. Let n be 200/y - (-4)/18. Let w = -13 - -37. What is the greatest common divisor of n and w?
3
Suppose -c - 2 = -16. Let o = -68 - -110. What is the highest common factor of o and c?
14
Suppose 3*s + 40 = 2*d + 13, 5*s = -25. What is the highest common factor of 6 and d?
6
Let w = 5 - 3. Suppose 0 = w*t - 0*t - 22. What is the highest common divisor of t and 11?
11
Suppose 177 = 5*r + 52. Suppose 0 = 3*z - 8*z - r. Let o be (27/2)/(z/(-40)). What is the highest common divisor of o and 12?
12
Let c = -155 - -173. What is the highest common factor of c and 324?
18
Suppose -w - v + 5*v = 6, 5*v = -3*w + 33. Let h be 88/w - 1/(-3). Calculate the greatest common divisor of h and 10.
5
Suppose 6*z - 4*o = 2*z + 8, -3*z + 22 = o. Calculate the highest common factor of 54 and z.
6
Suppose -s = -3*c + 185, 2*c + 0*c - s - 122 = 0. What is the highest common factor of c and 7?
7
Let j(i) = -i + 4. Let u be j(3). Let a be (1/(-2))/(u/(-2)). Let m(p) = -p. Let s be m(-8). What is the highest common factor of s and a?
1
Let f(l) = 4*l**2 + 7*l - 9. Let v be f(5). Calculate the greatest common divisor of v and 14.
14
Let o = 16 + -13. Suppose -37 = -o*m + 59. What is the greatest common divisor of m and 4?
4
Suppose b - 196 = -3*b. Let t = 12 - 2. Let u be -1 + 3 + -5 + t. Calculate the highest common factor of b and u.
7
Suppose -5*n = x - 9 + 3, -4*x + 4*n = -24. Let m = x - -2. What is the greatest common factor of 20 and m?
4
Suppose 45 = -0*j + 5*j. Suppose 0 = -p - p. Let d = j - p. What is the greatest common divisor of d and 1?
1
Suppose -46 + 6 = 2*n. Let z = 45 + n. What is the highest common factor of z and 200?
25
Let r be -4 + (-94 - -6)/(-4). Let i be (2 - 0) + 25 + 0. Calculate the greatest common factor of i and r.
9
Let u be 7 - (-3)/(-6)*-2. Suppose -5*r + 19 = v, 61 = -4*v + u*v + 5*r. Suppose v - 44 = -5*m. What is the greatest common factor of m and 42?
6
Let a be 0 + (-2 + 7)/(3/36). Calculate the highest common factor of 30 and a.
30
Suppose 4*p - 4*m - 756 = 0, -p + 4*m + 106 = -89. Calculate the greatest common divisor of 17 and p.
17
Let p = -36 + 60. Let w(k) = k**3 - k**2 + 2*k - 1. Let v be w(2). Let n = v - -1. What is the highest common divisor of p and n?
8
Let l = 5 + -3. Suppose 0*n = l*n - 40. Let r(u) = -u**2 + 8*u - 3. Let s be r(7). Calculate the highest common divisor of n and s.
4
Let a(d) = 28*d - 7. Let q(l) = 85*l - 21. Let o(i) = -11*a(i) + 4*q(i). Let p be o(4). Calculate the greatest common divisor of p and 11.
11
Let c(i) = i**3 - 5*i**2 + 3*i - 5. Let y be c(5). Let x(